+ (-4 - -9)?
30
What is (14 - (35 - 64 - -41)) + (-14 - -2)?
-10
-5 + -29 - 8 - -41
-1
Calculate -45 + -8 + 21 + 12.
-20
Calculate 2 - 0 - (-7 - 6) - -1 - (9611 - 9600).
5
Calculate 44 + -13 + 47 + 10.
88
Calculate 3 + -8 + 0 + (-31 - -4) + 3.
-29
What is -9 + 59 + (54 - 117)?
-13
-2822 + 2794 + 62 + 0
34
Calculate -113 - (4 - (100 - 56)).
-73
What is the value of -4 + (-10 - 3) + (15 - 25) + 14?
-13
Evaluate (-5 - (-4 - -32)) + -1 + -7.
-41
Calculate 1 - 11 - (-18 + (6 - -2) - -14).
-14
What is the value of 7 + -3249 + 3250 + 2 + -2 + 125?
133
39 + -65 - ((-14 - -1) + 0) - (16 - -12)
-41
-34 + (92 - -36) + -38
56
What is the value of -74 - -68 - (-11 + 0 + 1 - 45)?
49
Calculate -3 - -19 - ((2 - 13) + 33 + 31).
-37
Calculate (24 + -20 - (12 + -7)) + 3 + 3.
5
What is the value of (-28 - -33 - 39) + -10?
-44
What is 1 - (-10 + (8 - -21)) - (-18 + 14)?
-14
Evaluate -13 + -22 + -12 - (10 - (-4 - 1)).
-62
What is (2393 + -2394 - ((0 - 7) + 1 + 1)) + -13?
-9
Evaluate (42 - 58 - -45) + 12.
41
2 - (-82 + 88 + (15 - (-3 - -6)))
-16
What is the value of -17515 + 17563 - (1 - 3 - 0 - -11)?
39
8 + -25 + 7 + -137 + 139
-8
1 + (-19 - 1) + 16744 + -16753
-28
What is the value of -9 + 12 + 0 + 12 + (0 - 0)?
15
58 + 8 - 36 - 28
2
Calculate 10 - (4 - -4) - (-6 + 7).
1
Calculate (-1 + 14 - (-612 + 661)) + 14.
-22
-2 - (-8 + -47 + 82)
-29
What is 306 + -366 + (3 + -1 - (5 - (1 + -1)))?
-63
What is (-14 - -5) + -3 + (-105 - 5) + 0 + 2?
-120
What is the value of -1 + 180 + (2377 - 2434)?
122
What is the value of -12 - (-59 - (-17 + (31 - 7) + 3))?
57
-5 + -10 + (-4 - -10 - -10) + -59
-58
What is the value of -16 - (-1 + 1 + -146 + -76 + 155)?
51
Evaluate -1 - 22 - (10048 - 10144).
73
What is 50 + -4 + (-97 - -49)?
-2
Calculate (-24 - -175 - 58) + -21.
72
What is the value of (-25 - -5) + -581 + 663?
62
What is the value of 37 + 5 - (-77 - -83 - 15)?
51
-15 + -1 - (5 - 3) - 21
-39
52 - ((-73 - -73) + (0 - -15))
37
What is 28 - (16 + 11 + -32)?
33
What is the value of -12 + (-10 - ((8 - 0) + -22 - -2))?
-10
What is -23 - -13 - -47 - 7?
30
-32 - -33 - (-5 - 0 - (-19 - -6))
-7
What is the value of 97 + 14 + -1 - (-6 - -1)?
115
What is the value of 21 - (9 - (-24 + 11 - -7))?
6
What is the value of (15 - (35 + -32 + 16)) + (-1 - -8)?
3
Evaluate -58 + 5 - (279 - 336).
4
What is the value of 8 - (2 + 9 + -6 + 4 + 5) - 35?
-41
Evaluate (-2 - 27 - (-1987 - -2135)) + 40.
-137
Calculate 288 + -198 + (38 + -14 - 12).
102
-8 - (4 + (-51 - 7 - -11 - 2))
37
((11 - 6) + -3 - (-4 - -4)) + 37
39
-68 - (-63 + -15) - -119
129
What is the value of 266 - (115 + -139 + 152)?
138
What is -23 + 18 - -2 - ((-1 - 2) + -3 + 3)?
0
(-24 - -53) + -57 + (-19 - -133)
86
Calculate 4 - 0 - ((-243 - -467) + -237).
17
Calculate (2 - -21) + (9 + -51 - -59).
40
Calculate -16 - ((-9 - (-17 - -4)) + -5 + -9).
-6
Evaluate -69 + -24 + 19 + 12 + 2.
-60
What is the value of (-15 + 28 - (15 - 10)) + (2 - 4) + 15?
21
Evaluate 146 - (44 - 16 - -38).
80
What is -15 + 13 + (11 - 3) - (-5 + -2)?
13
0 + -21 + (16 + (20 - (23 + 35)) - -19)
-24
What is the value of (28 + -60 - 74) + 22?
-84
Calculate 3 - -6 - (-7 - -10 - (-7 + -2)).
-3
-11 + 1 + (96 - (4 - 13) - (-7 + 8))
94
Calculate (3922 - 3908) + 1 + 57.
72
-6 + (-31 - -19) - -28 - -36
46
-12 - -103 - (523 + -408)
-24
Calculate (-49 - (-218 + 102)) + -39.
28
What is (25 + -13 - 12 - (-9 - -17 - -4)) + 49?
37
Evaluate (19 - (8 - 1 - -6) - (-15 - -2)) + -10.
9
What is the value of 4 - (-16 - (-15 - 17)) - -18?
6
What is the value of 0 + -7 + -64 + 63 + -34 + 1?
-41
(-7 - -9 - -75) + 5 + (-176 - -155)
61
-49 - ((3 - 1) + (451 - 417))
-85
6 + ((-2 - -3 - 5) + (23 - 16) - 13)
-4
Calculate 0 + (-3 - (-9 + 138)) + (-79 - -88).
-123
Calculate 5 + (11 - 22) - ((-20 - -26) + 28 + -14).
-26
Calculate (164 - 244) + 3 + 3 + 8 + -4.
-70
Evaluate -59 + (20 - 16) + 76.
21
What is -1891 + 2017 + -5 + -39?
82
Calculate -5 + 4 + (12 - 3) - -2 - (-200 + 244).
-34
Evaluate -4 - 43 - (34 + (-64 - 16)).
-1
-8 + -18 + -1 - (-43 - -9)
7
-23 + 2 - (518 - 547) - (-1 - 38)
47
What is (-1 - -47) + -5 + (-40 - (2 + -33))?
32
Calculate -117 + -115 + 130 - -40.
-62
Evaluate (1 - -24) + 71 + -82 + -58.
-44
What is (-2 + 0 - (-32 - -39)) + 14 + -7 + -41?
-43
What is the value of -17 + (22 - 5 - 19) - -2?
-17
Evaluate 36 + (-50 - (-56 - 2)).
44
Calculate -108 + -5 - (-2365 + 2111).
141
Calculate (-51 - -91 - -51) + -11.
80
Evaluate -135 + 72 + (-1 - -12 - (-7 - -35)).
-80
(18 - -21) + -53 + 1 + 0 - -43
30
What is -160 + 275 - (35 - -111)?
-31
-95 - (-41 + (75 - 70))
-59
What is -5 - (32 + -20 + 21 + 15)?
-53
-34 + 59 - (6 - -6)
13
32 - 14 - (310 + -322)
30
858 - 853 - (-93 + -2)
100
What is 1 + (-2 - -5) + 64 + 1666 + -1679?
55
Calculate -48 - (1 + -19 + (17 - (43 + (-55 - -19)))).
-40
What is -5 - -5 - (-7 - -5 - 2)?
4
What is (4 - -75) + 2 + -5 - (-15 + 5 + 8)?
78
209 + 6 + -74 + 4 + -4
141
45 + 0 - (-47 + 5 - -26) - -10
71
What is (38 + -1 - 1 - 1) + 36 + -37?
34
Calculate -5860 + 5873 - (1 + (-2 - (57 - 2))).
69
Evaluate 9 - ((0 - -41) + 0 + 34 + -22 - 11).
-33
-112 - (-74 + -12) - 30
-56
Calculate -226 + 239 + 2 + -172 + 15 + 4 - 3.
-141
Evaluate (1 - -7) + (17 - 6) + -39 + 59.
39
(15 - (-6 + 6) - 31) + -3
-19
What is the value of 21 + (-9 - (7 - (17 + 1)) - 13)?
10
Evaluate -5 + -11 + 23 + -8 + (-40 - (0 - 3)).
-38
34 + -40 + -37 + 57
14
What is the value of 45 - (33 - (-17 - 3 - -42))?
34
What is 19 - (-14 + (-2 + 5 + -13 - -11))?
32
Evaluate 219 + (-264 - 30) + (1 - 21).
-95
What is the value of -11 - 2 - (-14 - -19 - 6) - 2?
-14
What is the value of 196 + -180 + ((1 - 1) + 1 - 6)?
11
Evaluate (0 + 0 - (-63 + 67)) + -2 + -6.
-12
Evaluate 1 + -7 - (6 - -1 - (-5 - (30 + 15))).
-63
What is the value of -79 + 55 - (3 - -5 - 7 - -2)?
-27
Calculate 4 + (5 - (47 - 48)).
10
Calculate -11 - ((7 + 0 - (45 - 38)) + -4) - -55.
48
What is the value of 1 - (8 + -3 + 4 + -14 + 4)?
2
Calculate -126 - -132 - (-15 + 42).
-21
Calculate 33 + (-64 - 4) + 21.
-14
What is -3 - -2 - (-33 - -5 - (-9 + -8 + 27))?
37
Evaluate (0 - -9) + (-697 - -689).
1
Evaluate (-3 - -5) + (7 - 3) - 2 - (-56 + -4).
64
32 + (-193 + 0 - -55)
-106
Evaluate -976 - -947 - (-3 - 58).
32
Calculate 4 + -16 + (-49 + 53 - -34).
26
What is (-3 - -54) + -4 - (-112 - -119)?
40
What is the value of (-7 - (-6 + (12 - 27) + 4)) + 32?
42
What is 25 + 0 + (6 - 1) + (270 - 146 - 125)?
29
What is 3 + (2 - (5 - 4)) + -34 - -4?
-26
Evaluate (-4 - -17) + -23 + -1 + 9 + 12 - -1.
11
Evaluate (-11 - (-11 - -18)) + 0 + 15 + -69.
-72
Calculate -69 + 7 + (13 + -49 + 14 - -3).
-81
(-16 - 6 - (12 - 42)) + (4 - -53)
65
Evaluate -27 + -15 - -31 - -71 - -16.
76
(766 - 706) + (1 - 77)
-16
-31 - (15 - (23 + 59))
36
Calculate -16 + (8 - (15 + -20 + 26)).
-29
Calculate 30 - ((9 - -3) + -5 + -7).
30
What is -2 - (24 + -28 + 20 + -48)?
30
What is the value of (19 - (1 + 0)) + (4498 - 4480)?
36
Calculate 24 + (521 - 503 - (-26 - 0)).
68
What is (-8 - (-9 + -45)) + -425 + 395?
16
Evaluate (1 - -11) + -11 + -2 + 2 + -3.
-2
2 + -67 - (-14 - (5 + (-9 - -12) - 25))
-68
Calculate (-10 - (-9 - 15)) + -3 + -18 - (-1 - 49).
43
What is 3 + -51 - (599 + -647)?
0
Evaluate -10 - ((-11 - (-5 - 0)) + 4 + -2).
-6
What is the value of -66 + -1 - (-3457 - -3419)?
-29
What is -1 - -44 - (4971 + -4936) - (-53 + 0)?
61
What is -74 + 56 + -20 - 37?
-75
What is 10 - (-51 - (-14 - 24))?
23
Calculate 1 - -29 - (3560 + -3497).
-33
What is 18 + -59 + 52 - (-1 - (0 + 0)) - -45?
57
What is the value of -6 - -27 - (557 - 476)?
-60
Calculate (5 - -2) + 5 + (-14 - -16) + -65.
-51
Evaluate 5 + (42 + -76 - -4).
-25
What is the value of 3 + -32 - (-56 - (-50 + -13))?
-36
What is the value of 24 + (-19 - (11 + 23)) + 26?
-3
5 + 2 + -10 + -13 + 12 - -29
25
Evaluate -17 - (-29 - (-35 + 63)).
40
78 + (4 + (-13 - -19) - 5)
83
What is the value of 10 - (5 + 0 + 0) - (113 - (45 - 18))?
-81
What is the value of -42 + -5 + -5 + (10 - (-7 - (-20 - 1)))?
-56
Evaluate 12 + (49 + 83 + -214 - (1 - 4)).
-67
-57 - (5 - 38 - -15)
-39
-109 + 17 + -540 + 674
42
What is the value of 24 - (41 - -49 - -49 - 23)?
-92
What is 3 + 16 + -8 + (1 - (36 + -8))?
-16
-67 + (-2 - -2) + -2 + (-355 - -275) + 94
-55
Evaluate -12 + 0 + 3 - (15 - (81 - 47)).
10
(-11 - (8 + 6)) + 23 + (81 - (-1 + 5))
75
What is -9 + 11 + -8 - (-37 + 17 + -